st common divisor of 9637 and 11109?
23
Calculate the highest common factor of 165 and 37521.
33
What is the greatest common divisor of 792281 and 1406?
703
What is the highest common factor of 2727933 and 39?
39
Calculate the greatest common divisor of 5460 and 31710.
210
Calculate the highest common factor of 255 and 3485.
85
What is the highest common divisor of 40793 and 11191?
361
Calculate the highest common divisor of 274414 and 714.
238
What is the greatest common factor of 30 and 61986?
6
What is the highest common factor of 11244 and 204?
12
Calculate the greatest common factor of 4100302 and 46.
46
Calculate the highest common divisor of 1059 and 12.
3
Calculate the greatest common divisor of 372939 and 504.
21
Calculate the greatest common factor of 30012 and 656.
164
What is the greatest common divisor of 424459 and 14?
7
What is the greatest common factor of 128 and 546944?
128
What is the greatest common factor of 1773 and 81?
9
What is the highest common factor of 298464 and 608?
32
Calculate the highest common factor of 93 and 88815.
93
What is the highest common factor of 192866 and 876?
146
Calculate the greatest common factor of 1241 and 37011.
73
What is the greatest common factor of 31825 and 3325?
475
Calculate the highest common divisor of 410 and 730.
10
What is the highest common divisor of 48 and 12368?
16
Calculate the highest common factor of 470509 and 34.
17
What is the greatest common factor of 1018 and 29013?
509
Calculate the highest common divisor of 48 and 372.
12
Calculate the highest common divisor of 260976 and 48.
48
What is the highest common divisor of 885643 and 11?
11
What is the greatest common divisor of 20 and 12755?
5
Calculate the greatest common divisor of 272 and 48637.
17
What is the greatest common divisor of 9384 and 72312?
552
What is the highest common divisor of 8 and 138842?
2
Calculate the greatest common factor of 345 and 2119335.
345
Calculate the greatest common factor of 464 and 358063.
29
What is the highest common factor of 707 and 10504?
101
What is the greatest common factor of 1725 and 60996?
69
Calculate the greatest common factor of 139 and 49067.
139
Calculate the greatest common factor of 18072 and 2304.
72
What is the greatest common factor of 1087946 and 4589?
353
What is the highest common factor of 173121 and 11387?
193
What is the highest common divisor of 27117 and 1035?
207
What is the highest common divisor of 1326 and 5508?
102
Calculate the highest common divisor of 19817 and 558005.
1043
Calculate the highest common divisor of 3250 and 10205.
65
Calculate the highest common divisor of 711896 and 106.
106
What is the highest common divisor of 3960 and 82665?
495
What is the highest common divisor of 1037 and 134627?
61
Calculate the highest common divisor of 8 and 44248.
8
What is the highest common divisor of 144025 and 525?
175
Calculate the highest common factor of 259 and 324712.
37
What is the greatest common factor of 6098736 and 392?
392
Calculate the greatest common factor of 655576 and 456.
152
What is the highest common divisor of 2180 and 150?
10
Calculate the greatest common factor of 35450 and 150.
50
Calculate the highest common factor of 4816 and 6106.
86
What is the highest common divisor of 75 and 5385?
15
Calculate the highest common factor of 1456 and 868.
28
Calculate the greatest common divisor of 39949 and 182.
91
What is the highest common factor of 5095 and 355?
5
What is the highest common factor of 3970 and 50?
10
Calculate the greatest common factor of 278 and 7633463.
139
Calculate the highest common factor of 6144 and 269184.
384
What is the greatest common factor of 2037795 and 1095?
1095
Calculate the highest common factor of 1073 and 29.
29
Calculate the highest common divisor of 144 and 7768.
8
Calculate the highest common factor of 22922 and 21666.
314
What is the greatest common divisor of 96 and 933?
3
Calculate the highest common factor of 37204 and 2272.
284
What is the greatest common factor of 48 and 23592?
24
Calculate the greatest common factor of 1056 and 138072.
264
Calculate the greatest common factor of 390286 and 34.
34
Calculate the greatest common factor of 6154 and 7429.
17
Calculate the greatest common factor of 36610 and 2030.
70
What is the greatest common divisor of 139023 and 135?
27
Calculate the greatest common factor of 114 and 60819.
57
Calculate the greatest common divisor of 60112 and 1040.
208
What is the highest common factor of 490178 and 3757?
221
What is the greatest common factor of 3523 and 14300?
13
Calculate the greatest common factor of 1905895 and 46.
23
Calculate the greatest common divisor of 4573495 and 955.
955
Calculate the greatest common divisor of 42 and 43518.
6
What is the highest common factor of 20737 and 17708?
233
What is the greatest common divisor of 25085 and 152240?
865
Calculate the greatest common divisor of 95 and 18785.
5
Calculate the greatest common factor of 39 and 40573.
13
What is the highest common divisor of 510 and 37587?
51
What is the highest common divisor of 61457 and 99?
11
Calculate the highest common factor of 213 and 17537.
71
Calculate the greatest common divisor of 22 and 840895.
11
What is the highest common divisor of 90 and 686460?
30
Calculate the highest common factor of 78 and 142246.
26
Calculate the highest common divisor of 41808 and 3224.
104
What is the highest common factor of 68 and 194939?
17
Calculate the highest common factor of 500 and 120500.
500
What is the highest common factor of 1039329 and 306?
153
Calculate the highest common divisor of 45985 and 170.
85
Calculate the greatest common factor of 6 and 1074.
6
What is the greatest common divisor of 135324 and 1512?
756
Calculate the highest common factor of 400 and 2277200.
400
Calculate the highest common factor of 50176 and 151312.
784
What is the greatest common factor of 8084 and 423?
47
Calculate the greatest common factor of 55856 and 3968.
16
Calculate the highest common factor of 13250 and 125.
125
Calculate the greatest common factor of 7072 and 288.
32
What is the greatest common divisor of 378 and 4830?
42
What is the greatest common factor of 20 and 73435?
5
What is the greatest common factor of 14299 and 15010?
79
Calculate the highest common factor of 26 and 906581.
13
Calculate the greatest common factor of 371 and 350330.
53
What is the highest common divisor of 3226581 and 81?
27
What is the highest common factor of 2596 and 6313?
59
What is the highest common factor of 674892 and 54?
54
Calculate the highest common factor of 99 and 1003959.
99
Calculate the greatest common factor of 1442575 and 100.
25
Calculate the greatest common divisor of 50360 and 320.
40
Calculate the greatest common divisor of 149789 and 1175.
47
What is the greatest common factor of 8976 and 3179?
187
Calculate the greatest common divisor of 42 and 7440.
6
What is the highest common divisor of 253535 and 5?
5
Calculate the greatest common divisor of 25092 and 72.
36
Calculate the highest common factor of 624 and 7339488.
624
Calculate the highest common divisor of 3107 and 24895.
13
Calculate the greatest common factor of 75 and 112833.
3
What is the greatest common divisor of 196 and 268688?
28
What is the greatest common factor of 90 and 137790?
90
What is the greatest common divisor of 81627 and 805?
161
Calculate the greatest common factor of 1394779 and 41.
41
What is the highest common factor of 124 and 165106?
62
Calculate the highest common divisor of 263 and 927601.
263
What is the greatest common divisor of 256 and 1242688?
64
Calculate the highest common factor of 42496 and 166.
166
What is the greatest common factor of 119 and 10081?
17
Calculate the greatest common divisor of 426294 and 99.
99
Calculate the greatest common factor of 97418 and 268.
134
Calculate the greatest common divisor of 78015 and 35.
35
Calculate the greatest common factor of 370 and 128834.
74
What is the greatest common divisor of 411 and 3837507?
411
Calculate the greatest common factor of 28560 and 6715.
85
What is the highest common factor of 1494 and 39384?
18
Calculate the greatest common divisor of 1536 and 9600.
384
What is the greatest common factor of 25083 and 9?
9
Calculate the highest co